{"id":32203,"date":"2026-03-02T13:56:35","date_gmt":"2026-03-02T12:56:35","guid":{"rendered":"https:\/\/www.colegionotarial.org\/?post_type=tribe_events&#038;p=32203"},"modified":"2026-03-09T19:36:53","modified_gmt":"2026-03-09T18:36:53","slug":"junta-general-informativa-2026-2","status":"publish","type":"tribe_events","link":"https:\/\/www.colegionotarial.org\/ca\/evento\/junta-general-informativa-2026-2\/","title":{"rendered":"Junta General Informativa 2026"},"content":{"rendered":"<h1 data-start=\"125\" data-end=\"193\"><img loading=\"lazy\" decoding=\"async\" class=\"alignnone wp-image-32250\" src=\"https:\/\/www.colegionotarial.org\/wp-content\/uploads\/2026\/03\/jornad-2.png\" alt=\"\" width=\"888\" height=\"628\"><\/h1>\n<p data-start=\"366\" data-end=\"509\"><strong>La inscripci\u00f3n se realiza al final de esta p\u00e1gina. \/ La inscripci\u00f3 es realitza al final d\u2019aquesta p\u00e0gina.<br \/>\n<\/strong><\/p>\n<h2 data-start=\"366\" data-end=\"509\"><strong>Convocatoria y orden del d\u00eda \/ Convocat\u00f2ria i ordre del dia<\/strong><\/h2>\n<p data-start=\"366\" data-end=\"509\">Consultar convocatoria orden del d\u00eda <a href=\"https:\/\/intranet.colegionotarial.org\/cat\/el-col-legi\/comunicacions\/081B707606AEE6C9C1258DAF003D7297\/\">(PDF)<\/a> \/ Consultar convocat\u00f2ria i ordre del d\u00eda <a href=\"https:\/\/intranet.colegionotarial.org\/cat\/el-col-legi\/comunicacions\/081B707606AEE6C9C1258DAF003D7297\/\">(PDF)<\/a><\/p>\n<h2><strong>Sobre la sesi\u00f3n \/ Sobre la sessi\u00f3<\/strong><\/h2>\n<ul>\n<li>Projecte de llei de modificaci\u00f3 del Codi civil de Catalunya en mat\u00e9ria<br \/>\nde suports a l&#8217;exercici de la capacitat jur\u00eddica de les persones.<\/li>\n<li>Avantprojecte de Llei Org\u00e1nica d&#8217;lntegritat P\u00fablica.<\/li>\n<li>Recent normativa en mat\u00e9ria dhabitatge.<\/li>\n<li>Proyecto de ley de modificaci\u00f3n del C\u00f3digo civil de Catalu\u00f1a en<br \/>\nmateria de apoyos al ejercicio de la capacidad jur\u00eddica de las personas.<\/li>\n<li data-start=\"366\" data-end=\"509\">Anteproyecto de Ley Org\u00e1nica de Integridad P\u00fablica.<\/li>\n<li data-start=\"366\" data-end=\"509\">Reciente normativa en materia de vivienda.<br \/>\n<h3>Formalice su inscripci\u00f3n a continuaci\u00f3n \/ Formalitzeu la vostra inscripci\u00f3 a continuaci\u00f3.<\/h3>\n<\/li>\n<\/ul>\n","protected":false},"excerpt":{"rendered":"<p>Lunes 09 de marzo de 2026 19:30h en la Sede Colegial.<br \/>\nDilluns 09 de mar\u00e7 de 2026 19:30h, a la Seu Col\u00b7legial.<\/p>\n","protected":false},"author":3,"featured_media":0,"template":"","meta":{"_acf_changed":false,"_et_pb_use_builder":"","_et_pb_old_content":"","_et_gb_content_width":"","ngg_post_thumbnail":0,"_price":"","_stock":"","_tribe_ticket_header":"32252","_tribe_default_ticket_provider":"TEC\\Tickets\\Commerce\\Module","_tribe_ticket_capacity":"0","_ticket_start_date":"","_ticket_end_date":"","_tribe_ticket_show_description":"","_tribe_ticket_show_not_going":false,"_tribe_ticket_use_global_stock":"","_tribe_ticket_global_stock_level":"","_global_stock_mode":"","_global_stock_cap":"","_tribe_rsvp_for_event":"","_tribe_ticket_going_count":"","_tribe_ticket_not_going_count":"","_tribe_tickets_list":"[{\"id\":32206,\"type\":\"default\",\"title\":\"Inscripci\\u00f3n\",\"description\":\"\",\"capacityType\":\"unlimited\",\"price\":\"0\",\"capacity\":\"\",\"available\":-1,\"sharedCapacity\":\"\",\"sold\":28,\"shareSold\":28,\"isShared\":true,\"currencyDecimalPoint\":\".\",\"currencyNumberOfDecimals\":2,\"currencyPosition\":\"postfix\",\"currencySymbol\":\"\\u20ac\",\"currencyThousandsSep\":\",\"}]","_tribe_ticket_has_attendee_info_fields":false,"_tribe_events_status":"","_tribe_events_status_reason":"","_tribe_events_is_hybrid":"","_tribe_events_is_virtual":"","_tribe_events_virtual_video_source":"","_tribe_events_virtual_embed_video":"","_tribe_events_virtual_linked_button_text":"","_tribe_events_virtual_linked_button":"","_tribe_events_virtual_show_embed_at":"","_tribe_events_virtual_show_embed_to":[],"_tribe_events_virtual_show_on_event":"","_tribe_events_virtual_show_on_views":"","_tribe_events_virtual_url":"","footnotes":"","_tec_slr_enabled":"","_tec_slr_layout":""},"tags":[],"tribe_events_cat":[147,144],"class_list":["post-32203","tribe_events","type-tribe_events","status-publish","hentry","tribe_events_cat-147","tribe_events_cat-junta-general","cat_2026","cat_junta-general"],"acf":[],"ticketed":["tc"],"_links":{"self":[{"href":"https:\/\/www.colegionotarial.org\/ca\/wp-json\/wp\/v2\/tribe_events\/32203","targetHints":{"allow":["GET"]}}],"collection":[{"href":"https:\/\/www.colegionotarial.org\/ca\/wp-json\/wp\/v2\/tribe_events"}],"about":[{"href":"https:\/\/www.colegionotarial.org\/ca\/wp-json\/wp\/v2\/types\/tribe_events"}],"author":[{"embeddable":true,"href":"https:\/\/www.colegionotarial.org\/ca\/wp-json\/wp\/v2\/users\/3"}],"version-history":[{"count":10,"href":"https:\/\/www.colegionotarial.org\/ca\/wp-json\/wp\/v2\/tribe_events\/32203\/revisions"}],"predecessor-version":[{"id":32254,"href":"https:\/\/www.colegionotarial.org\/ca\/wp-json\/wp\/v2\/tribe_events\/32203\/revisions\/32254"}],"wp:attachment":[{"href":"https:\/\/www.colegionotarial.org\/ca\/wp-json\/wp\/v2\/media?parent=32203"}],"wp:term":[{"taxonomy":"post_tag","embeddable":true,"href":"https:\/\/www.colegionotarial.org\/ca\/wp-json\/wp\/v2\/tags?post=32203"},{"taxonomy":"tribe_events_cat","embeddable":true,"href":"https:\/\/www.colegionotarial.org\/ca\/wp-json\/wp\/v2\/tribe_events_cat?post=32203"}],"curies":[{"name":"wp","href":"https:\/\/api.w.org\/{rel}","templated":true}]}}

<h1 data-start="125" data-end="193"><img loading="lazy" decoding="async" class="alignnone wp-image-32250" src="https://www.colegionotarial.org/wp-content/uploads/2026/03/jornad-2.png" alt="" width="888" height="628"></h1>
<p data-start="366" data-end="509"><strong>La inscripción se realiza al final de esta página. / La inscripció es realitza al final d’aquesta pàgina.<br />
</strong></p>
<h2 data-start="366" data-end="509"><strong>Convocatoria y orden del día / Convocatòria i ordre del dia</strong></h2>
<p data-start="366" data-end="509">Consultar convocatoria orden del día <a href="https://intranet.colegionotarial.org/cat/el-col-legi/comunicacions/081B707606AEE6C9C1258DAF003D7297/">(PDF)</a> / Consultar convocatòria i ordre del día <a href="https://intranet.colegionotarial.org/cat/el-col-legi/comunicacions/081B707606AEE6C9C1258DAF003D7297/">(PDF)</a></p>
<h2><strong>Sobre la sesión / Sobre la sessió</strong></h2>
<ul>
<li>Projecte de llei de modificació del Codi civil de Catalunya en matéria<br />
de suports a l&#8217;exercici de la capacitat jurídica de les persones.</li>
<li>Avantprojecte de Llei Orgánica d&#8217;lntegritat Pública.</li>
<li>Recent normativa en matéria dhabitatge.</li>
<li>Proyecto de ley de modificación del Código civil de Cataluña en<br />
materia de apoyos al ejercicio de la capacidad jurídica de las personas.</li>
<li data-start="366" data-end="509">Anteproyecto de Ley Orgánica de Integridad Pública.</li>
<li data-start="366" data-end="509">Reciente normativa en materia de vivienda.<br />
<h3>Formalice su inscripción a continuación / Formalitzeu la vostra inscripció a continuació.</h3>
</li>
</ul>

<p>Lunes 09 de marzo de 2026 19:30h en la Sede Colegial.<br />
Dilluns 09 de març de 2026 19:30h, a la Seu Col·legial.</p>
